3. Suppose c = 4*j + 3*k - 8*k - 1218, 5*j - 3*k - 1529 = 0. Is j composite?
False
Suppose 0 = 3*c + 112 - 88, -1388975 = -5*u + 5*c. Is u prime?
True
Let b(d) be the third derivative of 23*d**5/60 - 5*d**4/24 - 17*d**3/6 + 59*d**2. Suppose r - 10 = 3*r. Is b(r) composite?
True
Is ((-3)/15)/((-38)/13729210) a prime number?
False
Let u = 285 + -231. Suppose u*m = 56*m - 8842. Is m a prime number?
True
Let l(o) = 323*o + 23. Let m = 89 - 114. Let c = m + 31. Is l(c) a prime number?
False
Suppose 0 = 6*w - 26*w + 100. Suppose 2*u + 19741 = w*f, 3*f - 11850 = 5*u - 2*u. Is f prime?
True
Let z(l) = -6 + 0 - 5 - 31*l**3 - 1 - 11*l - 5*l**2. Is z(-5) a composite number?
False
Is 4/(8/90470) - (5 - 3) a prime number?
True
Let j be (-6*(-6)/(-48))/((-3)/8). Suppose j*n - 2 = 2*d, -3*d - d = -n - 8. Suppose 299 = z - h + 5*h, 4*z = n*h + 1236. Is z a prime number?
True
Let l(x) = -x**3 - x. Let k(y) = 7*y**3 + 1. Let m(f) = k(f) + l(f). Let d be m(5). Suppose 8*s + d = 9*s. Is s prime?
False
Suppose -10*p = 106 - 606. Is 1656 - ((-10)/p + 8/(-10)) prime?
True
Let d(h) = -30*h**3 + h**2 + h. Let s be d(-1). Let w = 30 - s. Suppose w = -4*p - p + 425. Is p a prime number?
False
Let n be (27 + 3)/(-6)*1. Let o(b) be the second derivative of -b**5/10 - b**4/3 - b**2/2 + 2*b. Is o(n) composite?
False
Suppose 34*a + 75*a - 17523649 - 4099444 = 0. Is a prime?
True
Is (-3 - -39105) + -5 + 7 + -8 + 3 a composite number?
True
Let q be 195 + ((-12)/30 - (-2)/5). Suppose 1881 = 2*p + 4*b + q, 2*b + 4263 = 5*p. Is p a composite number?
True
Suppose -6*p - 10*p + 17312 = 0. Suppose -p = 5*l - 7*l. Is l prime?
True
Let p = 51830 + -7977. Is p prime?
True
Suppose 0 = -25*t - 22*t + 1550953. Is t composite?
False
Let q = 592 + -575. Suppose -104 = -q*c + 13*c. Is c composite?
True
Let g = 189 - 183. Suppose -12*c + g*c = -7458. Is c prime?
False
Let a(c) = c**3 - 6*c**2 - 13*c + 28843. Is a(0) prime?
True
Suppose 0 = -14*i + 6 + 50. Is (-20)/(-4) - i - -1258 a composite number?
False
Suppose 4*a = -36 - 32. Let b = a + 17. Suppose v - 307 = -b*v. Is v a composite number?
False
Is 224/(-84)*(-325473)/184 a prime number?
False
Let x be ((-6)/9)/(4/(-28902)). Suppose 4*l - 5*a + x = 0, -5*a = 3*l + l + 4847. Let i = 1581 - l. Is i composite?
False
Suppose -376*r = -16782129 - 24260903. Is r a prime number?
False
Let s(u) = -4*u - 16*u**2 + 14*u**2 - u - 3*u. Let y be s(-3). Let j(q) = 2*q**3 - 2*q**2 + 6*q + 11. Is j(y) a composite number?
True
Suppose -5*u - 4*z = -91, -2*u - z + 18 = -4*z. Suppose u*o = 28*o - 3419. Is o a composite number?
False
Let w = -77075 - -148066. Is w composite?
False
Let l be 6/(-8)*-4 - (-3 - 7). Let i(y) = y + 1. Let c be i(-5). Is 0 + 119*l + c prime?
True
Let z(j) = 4*j**3 + 8*j**2 - 13*j - 4. Let y be z(8). Let s be 7/(28/20) + -1618. Let p = s + y. Is p a prime number?
True
Let y(f) = -2*f**3 - 111*f**2 - 47*f + 367. Is y(-58) a composite number?
False
Suppose 4*k - 49888 - 21347 = -3*h, 3*k = -h + 23750. Is h composite?
False
Let v(i) = 9*i**2 - i + 1. Let o(y) = -35*y**2 + 6*y - 3239. Let s(n) = -o(n) - 4*v(n). Let p be (-1 - -1)*(-2)/4. Is s(p) a composite number?
True
Let u(y) = 135*y**2 - 465*y - 83. Is u(47) composite?
False
Suppose 0 = 3*i - 2*h - 201483, -5*i - 3*h + 203426 = -132341. Is i a prime number?
True
Let g(b) be the second derivative of 11/2*b**2 + 6*b + 0 - 121/6*b**3. Is g(-6) a prime number?
False
Let p be ((-1)/3)/(3 + 230/(-75)). Suppose 4*g + 728 = -6*n + 2*n, 0 = -3*n + p*g - 514. Let w = -57 - n. Is w a prime number?
False
Let h = 5991498 - 3858517. Is h a prime number?
True
Let h(q) = 250*q**3 + 2*q**2 + 7*q. Let f(k) = -4*k**3 - k. Let g(b) = 6*f(b) - h(b). Is g(-3) a prime number?
False
Let z(g) = -957*g - 2623. Is z(-36) a composite number?
True
Suppose -3*g + j + j + 14 = 0, g - 14 = 3*j. Suppose -21*w + 22*w = g. Is (-1)/w + 3/(-2) + 633 a composite number?
False
Suppose -5*g - 2*f = -0*f + 2264, f - 902 = 2*g. Let u = 1851 + g. Is u a prime number?
True
Suppose 0 = -2*g + 4, 7*g = 2*v + 3*g - 1434. Suppose 6*f - 1505 - v = 0. Is f composite?
True
Let p = -376 + 385. Is 333/6*(24/p + 2) prime?
False
Suppose 170*k + 3*j = 169*k + 187393, 187385 = k + j. Is k prime?
False
Suppose -5*t + 25858 = -19*t. Let y = t + 17836. Is y a composite number?
True
Suppose 3*y - 22 = -10. Suppose -5*k - 10 = v + 4*v, 0 = y*k - 4*v - 24. Suppose -1148 = -i - k*i - 5*b, -i - 2*b + 383 = 0. Is i composite?
True
Let g = -5488 + 7709. Is g a prime number?
True
Let c(w) = -11339*w**3 - 3*w**2 + 1. Let b(f) = 11341*f**3 + 4*f**2 + f. Let h(y) = 2*b(y) + 3*c(y). Is h(-1) composite?
True
Suppose -3*p - 45 = y - 256, -4*p + 263 = 5*y. Suppose 2*v + 3*v = 5*l + 115, 3*v - 4*l - p = 0. Suppose -15*j = -v*j + 635. Is j prime?
True
Suppose -7*v + 10*v = 12. Suppose 0 = -8*x - 4 - v. Is (1655 - 6)*(-1)/x a composite number?
True
Let c = 936240 + -548189. Is c prime?
True
Let s = -42 - -56. Let n = s - 23. Is (-132)/n - 6/9 composite?
True
Let q(c) be the third derivative of -c**6/120 + 29*c**5/60 + 19*c**4/24 + 47*c**3/6 - 3*c**2 + 6. Is q(26) a composite number?
True
Let y(n) = -n + 67. Let m(i) = 4*i**2 + 2*i + 20. Let k be m(5). Let c be k/6 - 3/((-27)/(-6)). Is y(c) a composite number?
True
Suppose 19678 = -p + 4*k + 90185, -4*k = p - 70531. Is p composite?
True
Let u be (532/95)/(4/4890). Suppose 0 = o - u - 2168. Is o prime?
False
Suppose -7*g + 8*g = -19. Let m(k) = -63*k - 32. Let d be m(g). Suppose -d = -2*n - 431. Is n composite?
False
Let t(o) be the third derivative of 7*o**5/30 - 5*o**4/12 - 35*o**3/6 - 132*o**2. Is t(24) a composite number?
False
Let j = -98 - -100. Suppose -m = -2*k + j*m - 19, -5*k + 4*m = 65. Let l(d) = 2*d**2 + 6*d + 13. Is l(k) prime?
False
Suppose 9*i - 1270278 = 4*i - 13*i. Is i composite?
False
Suppose -890125 = -5*x + 4*m, 5*m + 602532 = 3*x + 68444. Is x prime?
True
Let t = 35 - -9. Let l = t - 47. Is l + (78*1 - -2) a prime number?
False
Let q(r) = -2*r**2 - 37*r + 21. Let c be q(-19). Suppose -6 = x - 3*x + c*b, -b - 7 = -3*x. Suppose -3*a = -12, 0 = x*p + p + 2*a - 125. Is p prime?
False
Let c(p) = -1176*p - 1. Let v(x) = -2*x**2 - x + 23. Let q be v(-4). Is c(q) a prime number?
True
Let m be 0 + 4 - (4 - (3 - 3)). Suppose 3*b - 322 - 215 = m. Is b a prime number?
True
Let q be (-2)/(-10) - (-549)/(-45). Let w(b) = 153*b - b**3 + 4*b**2 - 3*b**2 - 1 - 154*b. Is w(q) composite?
True
Let a(z) = -2*z**3 + 24*z**2 + 296*z - 89. Is a(-63) composite?
False
Let n be 24/(-84) + (-51)/(-7). Let r be (-18)/4*(1 + n/(-3)). Is ((3/r)/((-2)/(-1996)))/1 a prime number?
True
Let s(d) = d**3 + 9*d**2 + 8*d + 16. Let l be s(-8). Suppose -l*k - 20371 = -29*k. Is k prime?
True
Suppose 55*a - 20*a - 3537205 = 0. Is a composite?
False
Let i be 4/(-16) - 54/(-24). Let c be i/24*22 - (-1)/6. Suppose -c*s = 2*u - 2990, 2*s + u = -0*s + 2994. Is s composite?
False
Let z(h) = h - 7713*h**3 + 7714*h**3 + 51*h**2 - 2*h**2 - 83. Is z(-36) a composite number?
False
Let u(l) = 3*l - 17. Suppose 5*t + 31 = 56. Let q be u(t). Is (-597 - (0 - 4))*q a composite number?
True
Suppose -9*l + 64 = 7*l. Suppose 5 = l*v - 9*v - 5*i, 5*v - 3 = 3*i. Suppose -8*j + 10*j - 2326 = v. Is j a prime number?
True
Suppose -5*l + 4*k = -900573, 4*l - 415971 = 5*k + 304473. Is l a composite number?
True
Suppose -2*i = -2*g + 287376, -431057 = -3*g - 30*i + 26*i. Is g prime?
True
Let p(g) = -32*g**3 - 4*g**2 - 22*g - 499. Is p(-14) a prime number?
False
Let w(u) = 95*u**2 - 67*u + 41. Is w(14) a composite number?
True
Let x be 744/62*(1/4 - 0). Let c(q) = -q**3 - 7 - 5*q**2 + 0*q**x - 5*q - 7*q - 12. Is c(-8) a prime number?
True
Let r(x) = x**2 - 11*x + 3. Let m be r(11). Let j(y) = -m + 18 - 3*y**2 + y**3 - 3*y - 11*y**2 + 20*y. Is j(13) a composite number?
False
Let t = -519120 + 827761. Is t prime?
True
Suppose b - 41 = -4*b + 4*f, -b - 5*f - 15 = 0. Suppose 3*x - h - 8 - 2 = 0, 2*h - 2 = -b*x. Suppose 4*j - 26 = -2*a, -x*a + 3*a - 25 = j. Is a a prime number?
False
Let y(t) = -t - 323. Let l(f) = -3*f + 970 + 4*f + 2*f. Let s(z) = -2*l(z) - 7*y(z). Is s(0) a prime number?
False
Let c(w) = 3229*w**2 - 6*w + 51. Is c(-8) a composite number?
True
Suppose -138*h = -152*h + 357042. Is h composite?
True
Suppose 8*a - 38773 - 997804 = 241191. Is 